{"id":16121,"date":"2026-04-07T16:41:57","date_gmt":"2026-04-07T09:41:57","guid":{"rendered":"https:\/\/iser.hueuni.edu.vn\/?page_id=16121"},"modified":"2026-04-07T16:43:30","modified_gmt":"2026-04-07T09:43:30","slug":"international-cooperation","status":"publish","type":"page","link":"https:\/\/iser.hueuni.edu.vn\/?page_id=16121&lang=en","title":{"rendered":"International Cooperation"},"content":{"rendered":"\t\t<div data-elementor-type=\"wp-page\" data-elementor-id=\"16121\" class=\"elementor elementor-16121\">\n\t\t\t\t<div class=\"elementor-element elementor-element-457bedf e-flex e-con-boxed e-con e-parent\" data-id=\"457bedf\" data-element_type=\"container\">\n\t\t\t\t\t<div class=\"e-con-inner\">\n\t\t<div class=\"elementor-element elementor-element-e0a9bcb e-flex e-con-boxed e-con e-child\" data-id=\"e0a9bcb\" data-element_type=\"container\" data-settings=\"{&quot;background_background&quot;:&quot;classic&quot;}\">\n\t\t\t\t\t<div class=\"e-con-inner\">\n\t\t\t\t\t<\/div>\n\t\t\t\t<\/div>\n\t\t\t\t\t<\/div>\n\t\t\t\t<\/div>\n\t\t\t\t<section class=\"elementor-section elementor-top-section elementor-element elementor-element-91950b0 elementor-section-stretched elementor-section-boxed elementor-section-height-default elementor-section-height-default\" data-id=\"91950b0\" data-element_type=\"section\" data-settings=\"{&quot;stretch_section&quot;:&quot;section-stretched&quot;}\">\n\t\t\t\t\t\t<div class=\"elementor-container elementor-column-gap-no\">\n\t\t\t\t\t<div class=\"elementor-column elementor-col-100 elementor-top-column elementor-element elementor-element-d1eb424\" data-id=\"d1eb424\" data-element_type=\"column\">\n\t\t\t<div class=\"elementor-widget-wrap elementor-element-populated\">\n\t\t\t\t\t\t<section class=\"elementor-section elementor-inner-section elementor-element elementor-element-cbe962c elementor-section-boxed elementor-section-height-default elementor-section-height-default\" data-id=\"cbe962c\" data-element_type=\"section\">\n\t\t\t\t\t\t<div class=\"elementor-container elementor-column-gap-custom\">\n\t\t\t\t\t<div class=\"elementor-column elementor-col-50 elementor-inner-column elementor-element elementor-element-db4570f\" data-id=\"db4570f\" data-element_type=\"column\">\n\t\t\t<div class=\"elementor-widget-wrap elementor-element-populated\">\n\t\t\t\t\t\t<div class=\"elementor-element elementor-element-a83cbf0 elementor-widget elementor-widget-n-accordion\" data-id=\"a83cbf0\" data-element_type=\"widget\" data-settings=\"{&quot;default_state&quot;:&quot;expanded&quot;,&quot;max_items_expended&quot;:&quot;one&quot;,&quot;n_accordion_animation_duration&quot;:{&quot;unit&quot;:&quot;ms&quot;,&quot;size&quot;:400,&quot;sizes&quot;:[]}}\" data-widget_type=\"nested-accordion.default\">\n\t\t\t\t<div class=\"elementor-widget-container\">\n\t\t\t\t\t\t\t<div class=\"e-n-accordion\" aria-label=\"Accordion. Open links with Enter or Space, close with Escape, and navigate with Arrow Keys\">\n\t\t\t\t\t\t<details id=\"e-n-accordion-item-1760\" class=\"e-n-accordion-item\" open>\n\t\t\t\t<summary class=\"e-n-accordion-item-title\" data-accordion-index=\"1\" tabindex=\"0\" aria-expanded=\"true\" aria-controls=\"e-n-accordion-item-1760\" >\n\t\t\t\t\t<span class='e-n-accordion-item-title-header'><div class=\"e-n-accordion-item-title-text\"> CLIDEV Project <\/div><\/span>\n\t\t\t\t\t\t\t<span class='e-n-accordion-item-title-icon'>\n\t\t\t<span class='e-opened' ><i aria-hidden=\"true\" class=\"tk tk-minus\"><\/i><\/span>\n\t\t\t<span class='e-closed'><i aria-hidden=\"true\" class=\"tk tk-plus\"><\/i><\/span>\n\t\t<\/span>\n\n\t\t\t\t\t\t<\/summary>\n\t\t\t\t<div role=\"region\" aria-labelledby=\"e-n-accordion-item-1760\" class=\"elementor-element elementor-element-1023b44 e-con-full e-flex e-con e-child\" data-id=\"1023b44\" data-element_type=\"container\">\n\t\t<div role=\"region\" aria-labelledby=\"e-n-accordion-item-1760\" class=\"elementor-element elementor-element-96ac125 e-flex e-con-boxed e-con e-child\" data-id=\"96ac125\" data-element_type=\"container\">\n\t\t\t\t\t<div class=\"e-con-inner\">\n\t\t\t\t<div class=\"elementor-element elementor-element-01fdbdc elementor-widget elementor-widget-text-editor\" data-id=\"01fdbdc\" data-element_type=\"widget\" data-widget_type=\"text-editor.default\">\n\t\t\t\t<div class=\"elementor-widget-container\">\n\t\t\t\t\t\t\t\t\t<p>D\u1ef1 \u00e1n CLIDEV v\u1ec1 T\u0103ng c\u01b0\u1eddng gi\u00e1o d\u1ee5c v\u1ec1 bi\u1ebfn \u0111\u1ed5i kh\u00ed h\u1eadu v\u00ec s\u1ef1 ph\u00e1t tri\u1ec3n b\u1ec1n v\u1eefng \u1edf Myanmar v\u00e0 Vi\u1ec7t Nam \u0111\u00e3 nh\u1eadn \u0111\u01b0\u1ee3c t\u00e0i tr\u1ee3 4 n\u0103m c\u1ee7a HEI ICI t\u1eeb B\u1ed9 Ngo\u1ea1i giao Ph\u1ea7n Lan. D\u1ef1 \u00e1n l\u00e0 s\u1ef1 h\u1ee3p t\u00e1c gi\u1eefa s\u00e1u \u0111\u1ed1i t\u00e1c: \u0110\u1ea1i h\u1ecdc Helsinki (\u0111i\u1ec1u ph\u1ed1i vi\u00ean) v\u00e0 \u0110\u1ea1i h\u1ecdc Khoa h\u1ecdc \u1ee8ng d\u1ee5ng Laurea (Ph\u1ea7n Lan); \u0110\u1ea1i h\u1ecdc N\u00f4ng nghi\u1ec7p Yezin v\u00e0 \u0110\u1ea1i h\u1ecdc L\u00e2m nghi\u1ec7p v\u00e0 Khoa h\u1ecdc M\u00f4i tr\u01b0\u1eddng (Myanmar); \u0110\u1ea1i h\u1ecdc Hu\u1ebf v\u00e0 \u0110\u1ea1i h\u1ecdc L\u00e2m nghi\u1ec7p Vi\u1ec7t Nam (Vi\u1ec7t Nam). D\u1ef1 \u00e1n nh\u1eb1m m\u1ee5c \u0111\u00edch trao quy\u1ec1n ng\u00e0y c\u00e0ng nhi\u1ec1u h\u1ecdc sinh c\u00f3 ki\u1ebfn th\u1ee9c v\u00e0 k\u1ef9 n\u0103ng v\u1ec1 bi\u1ebfn \u0111\u1ed5i kh\u00ed h\u1eadu \u0111\u01b0\u1ee3c c\u1ea3i thi\u1ec7n \u0111\u1ec3 \u0111\u00f3ng g\u00f3p t\u00edch c\u1ef1c cho c\u00e1c nhu c\u1ea7u c\u1ee7a x\u00e3 h\u1ed9i.<\/p>\t\t\t\t\t\t\t\t<\/div>\n\t\t\t\t<\/div>\n\t\t\t\t\t<\/div>\n\t\t\t\t<\/div>\n\t\t\t\t<\/div>\n\t\t\t\t\t<\/details>\n\t\t\t\t\t\t<details id=\"e-n-accordion-item-1761\" class=\"e-n-accordion-item\" >\n\t\t\t\t<summary class=\"e-n-accordion-item-title\" data-accordion-index=\"2\" tabindex=\"-1\" aria-expanded=\"false\" aria-controls=\"e-n-accordion-item-1761\" >\n\t\t\t\t\t<span class='e-n-accordion-item-title-header'><div class=\"e-n-accordion-item-title-text\"> K\u1ebft qu\u1ea3 d\u1ef1 ki\u1ebfn ch\u00ednh c\u1ee7a d\u1ef1 \u00e1n l\u00e0 t\u0103ng c\u01b0\u1eddng h\u1ec7 th\u1ed1ng gi\u00e1o d\u1ee5c \u0111\u1ea1i h\u1ecdc li\u00ean quan \u0111\u1ebfn bi\u1ebfn \u0111\u1ed5i kh\u00ed h\u1eadu v\u1ec1 r\u1eebng v\u00e0 n\u00f4ng nghi\u1ec7p \u1edf Myanmar v\u00e0 Vi\u1ec7t Nam. \u0110i\u1ec1u n\u00e0y s\u1ebd \u0111\u1ea1t \u0111\u01b0\u1ee3c b\u1eb1ng c\u00e1ch: <\/div><\/span>\n\t\t\t\t\t\t\t<span class='e-n-accordion-item-title-icon'>\n\t\t\t<span class='e-opened' ><i aria-hidden=\"true\" class=\"tk tk-minus\"><\/i><\/span>\n\t\t\t<span class='e-closed'><i aria-hidden=\"true\" class=\"tk tk-plus\"><\/i><\/span>\n\t\t<\/span>\n\n\t\t\t\t\t\t<\/summary>\n\t\t\t\t<div role=\"region\" aria-labelledby=\"e-n-accordion-item-1761\" class=\"elementor-element elementor-element-c04460f e-con-full e-flex e-con e-child\" data-id=\"c04460f\" data-element_type=\"container\">\n\t\t<div role=\"region\" aria-labelledby=\"e-n-accordion-item-1761\" class=\"elementor-element elementor-element-5735215 e-flex e-con-boxed e-con e-child\" data-id=\"5735215\" data-element_type=\"container\">\n\t\t\t\t\t<div class=\"e-con-inner\">\n\t\t\t\t<div class=\"elementor-element elementor-element-41e8b9b elementor-widget elementor-widget-text-editor\" data-id=\"41e8b9b\" data-element_type=\"widget\" data-widget_type=\"text-editor.default\">\n\t\t\t\t<div class=\"elementor-widget-container\">\n\t\t\t\t\t\t\t\t\t<ol><li>C\u1ea3i thi\u1ec7n li\u00ean k\u1ebft v\u00e0 m\u1ed1i quan h\u1ec7 gi\u1eefa c\u00e1c \u0111\u1ed1i t\u00e1c Hels v\u00e0 Ph\u1ea7n Lan \u0111\u1ec3 ph\u00e1t tri\u1ec3n quan h\u1ec7 \u0111\u1ed1i t\u00e1c th\u1ec3 ch\u1ebf v\u00e0 c\u00e1c l\u0129nh v\u1ef1c h\u1ee3p t\u00e1c \u0111\u1ec3 th\u1ef1c hi\u1ec7n d\u1ef1 \u00e1n.<\/li><li>Th\u1ec3 ch\u1ebf h\u00f3a vi\u1ec7c \u0111\u01b0a c\u00e1c b\u00ean li\u00ean quan v\u00e0o n\u00e2ng c\u1ea5p ch\u01b0\u01a1ng tr\u00ecnh gi\u1ea3ng d\u1ea1y, x\u00e1c \u0111\u1ecbnh k\u1ebft qu\u1ea3 h\u1ecdc t\u1eadp mong mu\u1ed1n v\u00e0 \u0111\u1ed3ng s\u00e1ng t\u1ea1o ki\u1ebfn th\u1ee9c.<\/li><li>C\u00e1c c\u00f4ng c\u1ee5 gi\u00e1o d\u1ee5c v\u00e0 ph\u01b0\u01a1ng ph\u00e1p s\u01b0 ph\u1ea1m v\u1ec1 Bi\u1ebfn \u0111\u1ed5i kh\u00ed h\u1eadu th\u1ef1c t\u1ebf v\u00e0 s\u00e1ng t\u1ea1o, th\u00f4ng qua c\u00e1c ho\u1ea1t \u0111\u1ed9ng n\u00e2ng cao n\u0103ng l\u1ef1c c\u1ee7a Tots v\u00e0 n\u00e2ng c\u1ea5p \/ t\u1ea1o c\u00e1c kh\u00f3a h\u1ecdc chi\u1ebfn l\u01b0\u1ee3c.<\/li><li>C\u1ea3i thi\u1ec7n kh\u1ea3 n\u0103ng ti\u1ebfp c\u1eadn gi\u00e1o d\u1ee5c b\u1eb1ng c\u00e1ch khuy\u1ebfn kh\u00edch c\u00e1c t\u00e0i nguy\u00ean gi\u00e1o d\u1ee5c m\u1edf -OER- (thu th\u1eadp d\u1eef li\u1ec7u, GIS, c\u00e1c c\u00f4ng c\u1ee5 h\u1ee3p t\u00e1c) v\u00e0 MOOCS do \u0111\u1ed1i t\u00e1c HEIS s\u1edf h\u1eefu v\u00e0 duy tr\u00ec.<\/li><li>Cung c\u1ea5p c\u00e1c c\u00f4ng c\u1ee5 v\u00e0 t\u00e0i li\u1ec7u (CNTT, n\u00e2ng c\u1ea5p thi\u1ebft b\u1ecb) \u0111\u1ec3 h\u1ed7 tr\u1ee3 th\u1ef1c hi\u1ec7n c\u00e1c ho\u1ea1t \u0111\u1ed9ng d\u1ef1 \u00e1n v\u00e0 k\u1ebft h\u1ee3p c\u00e1c c\u00f4ng c\u1ee5 v\u00e0 ph\u01b0\u01a1ng ph\u00e1p m\u1edbi v\u00e0o ch\u01b0\u01a1ng tr\u00ecnh gi\u1ea3ng d\u1ea1y.<\/li><\/ol><p>Nh\u1eefng k\u1ebft qu\u1ea3 \u0111\u1ea7u ra n\u00e0y c\u1ee7a d\u1ef1 \u00e1n s\u1ebd gi\u00fap n\u00e2ng cao hi\u1ec3u bi\u1ebft v\u1ec1 bi\u1ebfn \u0111\u1ed5i kh\u00ed h\u1eadu \u0111\u1ec3 h\u1ed7 tr\u1ee3 vi\u1ec7c ra quy\u1ebft \u0111\u1ecbnh d\u1ef1a tr\u00ean th\u1ef1c t\u1ebf, gi\u00fap t\u0103ng kh\u1ea3 n\u0103ng ph\u1ee5c h\u1ed3i c\u1ee7a c\u00e1c c\u1ed9ng \u0111\u1ed3ng d\u1ec5 b\u1ecb t\u1ed5n th\u01b0\u01a1ng. N\u00f3 c\u0169ng s\u1ebd h\u1ed7 tr\u1ee3 c\u00e1c n\u01b0\u1edbc \u0111\u1ed1i t\u00e1c theo \u0111u\u1ed5i c\u00e1c con \u0111\u01b0\u1eddng ph\u00e1t tri\u1ec3n b\u1ec1n v\u1eefng.<\/p><p>Do \u0111\u00f3, n\u0103ng l\u1ef1c trong n\u01b0\u1edbc \u0111\u1ec3 qu\u1ea3n l\u00fd b\u1ec1n v\u1eefng t\u00e0i nguy\u00ean thi\u00ean nhi\u00ean s\u1ebd \u0111\u01b0\u1ee3c c\u1ea3i thi\u1ec7n, v\u00ec l\u1ee3i \u00edch c\u1ee7a ng\u01b0\u1eddi d\u00e2n \u0111\u1ecba ph\u01b0\u01a1ng v\u00e0 m\u00f4i tr\u01b0\u1eddng, \u0111\u1ed3ng th\u1eddi cho ph\u00e9p Myanmar v\u00e0 Vi\u1ec7t Nam \u0111\u00e1p \u1ee9ng hi\u1ec7u qu\u1ea3 c\u00e1c nhu c\u1ea7u v\u00e0 c\u01a1 h\u1ed9i c\u1ee7a c\u00e1c qu\u00e1 tr\u00ecnh qu\u1ed1c t\u1ebf, v\u00ed d\u1ee5: C\u00e1c M\u1ee5c ti\u00eau Ph\u00e1t tri\u1ec3n B\u1ec1n v\u1eefng, Th\u1ecfa thu\u1eadn Paris v\u1ec1 Bi\u1ebfn \u0111\u1ed5i Kh\u00ed h\u1eadu, Th\u00e1ch th\u1ee9c Bonn.<\/p>\t\t\t\t\t\t\t\t<\/div>\n\t\t\t\t<\/div>\n\t\t\t\t\t<\/div>\n\t\t\t\t<\/div>\n\t\t\t\t<\/div>\n\t\t\t\t\t<\/details>\n\t\t\t\t\t<\/div>\n\t\t\t\t\t\t<\/div>\n\t\t\t\t<\/div>\n\t\t\t\t\t<\/div>\n\t\t<\/div>\n\t\t\t\t<div class=\"elementor-column elementor-col-50 elementor-inner-column elementor-element elementor-element-d4dd426\" data-id=\"d4dd426\" data-element_type=\"column\">\n\t\t\t<div class=\"elementor-widget-wrap elementor-element-populated\">\n\t\t\t\t\t\t<div class=\"elementor-element elementor-element-6f7d603 elementor-widget elementor-widget-n-accordion\" data-id=\"6f7d603\" data-element_type=\"widget\" data-settings=\"{&quot;default_state&quot;:&quot;expanded&quot;,&quot;max_items_expended&quot;:&quot;one&quot;,&quot;n_accordion_animation_duration&quot;:{&quot;unit&quot;:&quot;ms&quot;,&quot;size&quot;:400,&quot;sizes&quot;:[]}}\" data-widget_type=\"nested-accordion.default\">\n\t\t\t\t<div class=\"elementor-widget-container\">\n\t\t\t\t\t\t\t<div class=\"e-n-accordion\" aria-label=\"Accordion. Open links with Enter or Space, close with Escape, and navigate with Arrow Keys\">\n\t\t\t\t\t\t<details id=\"e-n-accordion-item-1160\" class=\"e-n-accordion-item\" open>\n\t\t\t\t<summary class=\"e-n-accordion-item-title\" data-accordion-index=\"1\" tabindex=\"0\" aria-expanded=\"true\" aria-controls=\"e-n-accordion-item-1160\" >\n\t\t\t\t\t<span class='e-n-accordion-item-title-header'><div class=\"e-n-accordion-item-title-text\"> FORSU Project <\/div><\/span>\n\t\t\t\t\t\t\t<span class='e-n-accordion-item-title-icon'>\n\t\t\t<span class='e-opened' ><i aria-hidden=\"true\" class=\"tk tk-minus\"><\/i><\/span>\n\t\t\t<span class='e-closed'><i aria-hidden=\"true\" class=\"tk tk-plus\"><\/i><\/span>\n\t\t<\/span>\n\n\t\t\t\t\t\t<\/summary>\n\t\t\t\t<div role=\"region\" aria-labelledby=\"e-n-accordion-item-1160\" class=\"elementor-element elementor-element-43b2117 e-con-full e-flex e-con e-child\" data-id=\"43b2117\" data-element_type=\"container\">\n\t\t<div role=\"region\" aria-labelledby=\"e-n-accordion-item-1160\" class=\"elementor-element elementor-element-97dfe37 e-flex e-con-boxed e-con e-child\" data-id=\"97dfe37\" data-element_type=\"container\">\n\t\t\t\t\t<div class=\"e-con-inner\">\n\t\t\t\t<div class=\"elementor-element elementor-element-dfe3661 elementor-widget elementor-widget-text-editor\" data-id=\"dfe3661\" data-element_type=\"widget\" data-widget_type=\"text-editor.default\">\n\t\t\t\t<div class=\"elementor-widget-container\">\n\t\t\t\t\t\t\t\t\t<p>D\u1ef1 \u00e1n FORSU v\u1edbi m\u1ee5c ti\u00eau c\u1ee7ng c\u1ed1 c\u00e1c c\u01a1 s\u1edf gi\u00e1o d\u1ee5c \u0111\u1ea1i h\u1ecdc \u1edf Bangladesh v\u00e0 Vi\u1ec7t Nam, t\u1eadp trung v\u00e0o gi\u00e1o d\u1ee5c ph\u1ee5c h\u1ed3i c\u1ea3nh quan r\u1eebng \u0111\u00e1p \u1ee9ng nhu c\u1ea7u c\u1ee7a nh\u00e0 tuy\u1ec3n d\u1ee5ng. D\u1ef1 \u00e1n cung c\u1ea5p ch\u01b0\u01a1ng tr\u00ecnh gi\u1ea3ng d\u1ea1y c\u00f3 pha tr\u1ed9n gi\u1eefa khoa h\u1ecdc k\u1ef9 thu\u1eadt v\u00e0 kinh t\u1ebf x\u00e3 h\u1ed9i v\u00e0 bao g\u1ed3m c\u00e1c th\u00e0nh ph\u1ea7n th\u1ef1c t\u1ebf nh\u01b0 nghi\u00ean c\u1ee9u th\u1ef1c \u0111\u1ecba, nghi\u00ean c\u1ee9u trong ph\u00f2ng th\u00ed nghi\u1ec7m. C\u00e1c m\u1ee5c ti\u00eau c\u1ee7a d\u1ef1 \u00e1n bao g\u1ed3m vi\u1ec7c t\u0103ng c\u01b0\u1eddng quan h\u1ec7 \u0111\u1ed1i t\u00e1c th\u1ec3 ch\u1ebf gi\u1eefa c\u00e1c tr\u01b0\u1eddng \u0111\u1ea1i h\u1ecdc \u1edf Bangladesh, Vi\u1ec7t Nam v\u00e0 EU \u0111\u1ebfn vi\u1ec7c t\u1ea1o ra c\u00e1c ch\u01b0\u01a1ng tr\u00ecnh gi\u1ea3ng d\u1ea1y li\u00ean ng\u00e0nh m\u1edbi; ph\u00e1t tri\u1ec3n v\u00e0 n\u00e2ng c\u1ea5p c\u00e1c kh\u00f3a h\u1ecdc c\u1eed nh\u00e2n v\u00e0 th\u1ea1c s\u0129 \u0111\u1ec3 ph\u00f9 h\u1ee3p h\u01a1n v\u1edbi nhu c\u1ea7u qu\u1ed1c gia v\u00e0 khu v\u1ef1c.<\/p>\t\t\t\t\t\t\t\t<\/div>\n\t\t\t\t<\/div>\n\t\t\t\t<div class=\"elementor-element elementor-element-5fdad46 elementor-widget elementor-widget-image\" data-id=\"5fdad46\" data-element_type=\"widget\" data-widget_type=\"image.default\">\n\t\t\t\t<div class=\"elementor-widget-container\">\n\t\t\t\t\t\t\t\t\t\t\t\t\t\t\t<img fetchpriority=\"high\" decoding=\"async\" width=\"640\" height=\"374\" src=\"https:\/\/iser.hueuni.edu.vn\/wp-content\/uploads\/2024\/12\/20240904_161639_5439d48c0bb7ace9f5a6.jpg\" class=\"attachment-large size-large wp-image-15713\" alt=\"\" srcset=\"https:\/\/iser.hueuni.edu.vn\/wp-content\/uploads\/2024\/12\/20240904_161639_5439d48c0bb7ace9f5a6.jpg 1024w, https:\/\/iser.hueuni.edu.vn\/wp-content\/uploads\/2024\/12\/20240904_161639_5439d48c0bb7ace9f5a6-300x175.jpg 300w, https:\/\/iser.hueuni.edu.vn\/wp-content\/uploads\/2024\/12\/20240904_161639_5439d48c0bb7ace9f5a6-768x449.jpg 768w, https:\/\/iser.hueuni.edu.vn\/wp-content\/uploads\/2024\/12\/20240904_161639_5439d48c0bb7ace9f5a6-600x350.jpg 600w\" sizes=\"(max-width: 640px) 100vw, 640px\" \/>\t\t\t\t\t\t\t\t\t\t\t\t\t\t\t<\/div>\n\t\t\t\t<\/div>\n\t\t\t\t\t<\/div>\n\t\t\t\t<\/div>\n\t\t\t\t<\/div>\n\t\t\t\t\t<\/details>\n\t\t\t\t\t<\/div>\n\t\t\t\t\t\t<\/div>\n\t\t\t\t<\/div>\n\t\t\t\t\t<\/div>\n\t\t<\/div>\n\t\t\t\t\t<\/div>\n\t\t<\/section>\n\t\t\t\t\t<\/div>\n\t\t<\/div>\n\t\t\t\t\t<\/div>\n\t\t<\/section>\n\t\t\t\t<section class=\"elementor-section elementor-top-section elementor-element elementor-element-60159b9 elementor-section-height-min-height elementor-section-stretched elementor-section-boxed elementor-section-height-default elementor-section-items-middle\" data-id=\"60159b9\" data-element_type=\"section\" data-settings=\"{&quot;stretch_section&quot;:&quot;section-stretched&quot;,&quot;background_background&quot;:&quot;classic&quot;}\">\n\t\t\t\t\t\t<div class=\"elementor-container elementor-column-gap-default\">\n\t\t\t\t\t<div class=\"elementor-column elementor-col-100 elementor-top-column elementor-element elementor-element-eb238f5\" data-id=\"eb238f5\" data-element_type=\"column\">\n\t\t\t<div class=\"elementor-widget-wrap\">\n\t\t\t\t\t\t\t<\/div>\n\t\t<\/div>\n\t\t\t\t\t<\/div>\n\t\t<\/section>\n\t\t\t\t<section class=\"elementor-section elementor-top-section elementor-element elementor-element-7b8b07a elementor-section-stretched elementor-section-boxed elementor-section-height-default elementor-section-height-default\" data-id=\"7b8b07a\" data-element_type=\"section\" data-settings=\"{&quot;stretch_section&quot;:&quot;section-stretched&quot;}\">\n\t\t\t\t\t\t<div class=\"elementor-container elementor-column-gap-no\">\n\t\t\t\t\t<div class=\"elementor-column elementor-col-100 elementor-top-column elementor-element elementor-element-4492b26 university-new\" data-id=\"4492b26\" data-element_type=\"column\">\n\t\t\t<div class=\"elementor-widget-wrap elementor-element-populated\">\n\t\t\t\t\t\t<section class=\"elementor-section elementor-inner-section elementor-element elementor-element-4063f4e elementor-section-boxed elementor-section-height-default elementor-section-height-default\" data-id=\"4063f4e\" data-element_type=\"section\">\n\t\t\t\t\t\t<div class=\"elementor-container elementor-column-gap-custom\">\n\t\t\t\t\t<div class=\"elementor-column elementor-col-33 elementor-inner-column elementor-element elementor-element-f837b10\" data-id=\"f837b10\" data-element_type=\"column\">\n\t\t\t<div class=\"elementor-widget-wrap\">\n\t\t\t\t\t\t\t<\/div>\n\t\t<\/div>\n\t\t\t\t<div class=\"elementor-column elementor-col-33 elementor-inner-column elementor-element elementor-element-b2d196c\" data-id=\"b2d196c\" data-element_type=\"column\">\n\t\t\t<div class=\"elementor-widget-wrap\">\n\t\t\t\t\t\t\t<\/div>\n\t\t<\/div>\n\t\t\t\t<div class=\"elementor-column elementor-col-33 elementor-inner-column elementor-element elementor-element-c46a621\" data-id=\"c46a621\" data-element_type=\"column\">\n\t\t\t<div class=\"elementor-widget-wrap\">\n\t\t\t\t\t\t\t<\/div>\n\t\t<\/div>\n\t\t\t\t\t<\/div>\n\t\t<\/section>\n\t\t\t\t<section class=\"elementor-section elementor-inner-section elementor-element elementor-element-6d4d846 elementor-section-boxed elementor-section-height-default elementor-section-height-default\" data-id=\"6d4d846\" data-element_type=\"section\">\n\t\t\t\t\t\t<div class=\"elementor-container elementor-column-gap-custom\">\n\t\t\t\t\t<div class=\"elementor-column elementor-col-33 elementor-inner-column elementor-element elementor-element-cd81775\" data-id=\"cd81775\" data-element_type=\"column\">\n\t\t\t<div class=\"elementor-widget-wrap\">\n\t\t\t\t\t\t\t<\/div>\n\t\t<\/div>\n\t\t\t\t<div class=\"elementor-column elementor-col-33 elementor-inner-column elementor-element elementor-element-878b7d4\" data-id=\"878b7d4\" data-element_type=\"column\">\n\t\t\t<div class=\"elementor-widget-wrap\">\n\t\t\t\t\t\t\t<\/div>\n\t\t<\/div>\n\t\t\t\t<div class=\"elementor-column elementor-col-33 elementor-inner-column elementor-element elementor-element-bab57ce\" data-id=\"bab57ce\" data-element_type=\"column\">\n\t\t\t<div class=\"elementor-widget-wrap\">\n\t\t\t\t\t\t\t<\/div>\n\t\t<\/div>\n\t\t\t\t\t<\/div>\n\t\t<\/section>\n\t\t\t\t\t<\/div>\n\t\t<\/div>\n\t\t\t\t\t<\/div>\n\t\t<\/section>\n\t\t\t\t<section class=\"elementor-section elementor-top-section elementor-element elementor-element-0336d27 elementor-section-stretched elementor-section-boxed elementor-section-height-default elementor-section-height-default\" data-id=\"0336d27\" data-element_type=\"section\" data-settings=\"{&quot;stretch_section&quot;:&quot;section-stretched&quot;}\">\n\t\t\t\t\t\t<div class=\"elementor-container elementor-column-gap-custom\">\n\t\t\t\t\t<div class=\"elementor-column elementor-col-50 elementor-top-column elementor-element elementor-element-b4147cc\" data-id=\"b4147cc\" data-element_type=\"column\">\n\t\t\t<div class=\"elementor-widget-wrap elementor-element-populated\">\n\t\t\t\t\t\t<div class=\"elementor-element elementor-element-2831215 elementor-widget__width-auto elementor-widget elementor-widget-button\" data-id=\"2831215\" data-element_type=\"widget\" data-widget_type=\"button.default\">\n\t\t\t\t<div class=\"elementor-widget-container\">\n\t\t\t\t\t\t\t\t\t<div class=\"elementor-button-wrapper\">\n\t\t\t\t\t<a class=\"elementor-button elementor-button-link elementor-size-sm\" href=\"#\">\n\t\t\t\t\t\t<span class=\"elementor-button-content-wrapper\">\n\t\t\t\t\t\t\t\t\t<span class=\"elementor-button-text\">Apply now<\/span>\n\t\t\t\t\t<\/span>\n\t\t\t\t\t<\/a>\n\t\t\t\t<\/div>\n\t\t\t\t\t\t\t\t<\/div>\n\t\t\t\t<\/div>\n\t\t\t\t<div class=\"elementor-element elementor-element-59cba7c elementor-widget__width-auto elementor-widget elementor-widget-button\" data-id=\"59cba7c\" data-element_type=\"widget\" data-widget_type=\"button.default\">\n\t\t\t\t<div class=\"elementor-widget-container\">\n\t\t\t\t\t\t\t\t\t<div class=\"elementor-button-wrapper\">\n\t\t\t\t\t<a class=\"elementor-button elementor-button-link elementor-size-sm\" href=\"#\">\n\t\t\t\t\t\t<span class=\"elementor-button-content-wrapper\">\n\t\t\t\t\t\t\t\t\t<span class=\"elementor-button-text\">Ask a question<\/span>\n\t\t\t\t\t<\/span>\n\t\t\t\t\t<\/a>\n\t\t\t\t<\/div>\n\t\t\t\t\t\t\t\t<\/div>\n\t\t\t\t<\/div>\n\t\t\t\t\t<\/div>\n\t\t<\/div>\n\t\t\t\t<div class=\"elementor-column elementor-col-50 elementor-top-column elementor-element elementor-element-c776039\" data-id=\"c776039\" data-element_type=\"column\">\n\t\t\t<div class=\"elementor-widget-wrap elementor-element-populated\">\n\t\t\t\t\t\t<div class=\"elementor-element elementor-element-2a2004e elementor-widget elementor-widget-image\" data-id=\"2a2004e\" data-element_type=\"widget\" data-widget_type=\"image.default\">\n\t\t\t\t<div class=\"elementor-widget-container\">\n\t\t\t\t\t\t\t\t\t\t\t\t\t\t\t<img decoding=\"async\" width=\"630\" height=\"410\" src=\"https:\/\/iser.hueuni.edu.vn\/wp-content\/uploads\/2023\/12\/admission-3.jpg\" class=\"attachment-full size-full wp-image-14900\" alt=\"\" srcset=\"https:\/\/iser.hueuni.edu.vn\/wp-content\/uploads\/2023\/12\/admission-3.jpg 630w, https:\/\/iser.hueuni.edu.vn\/wp-content\/uploads\/2023\/12\/admission-3-300x195.jpg 300w, https:\/\/iser.hueuni.edu.vn\/wp-content\/uploads\/2023\/12\/admission-3-600x390.jpg 600w\" sizes=\"(max-width: 630px) 100vw, 630px\" \/>\t\t\t\t\t\t\t\t\t\t\t\t\t\t\t<\/div>\n\t\t\t\t<\/div>\n\t\t\t\t\t<\/div>\n\t\t<\/div>\n\t\t\t\t\t<\/div>\n\t\t<\/section>\n\t\t\t\t<\/div>\n\t\t","protected":false},"excerpt":{"rendered":"<p>CLIDEV Project D\u1ef1 \u00e1n CLIDEV v\u1ec1 T\u0103ng c\u01b0\u1eddng gi\u00e1o d\u1ee5c v\u1ec1 bi\u1ebfn \u0111\u1ed5i kh\u00ed h\u1eadu v\u00ec s\u1ef1 ph\u00e1t tri\u1ec3n b\u1ec1n v\u1eefng \u1edf Myanmar v\u00e0 Vi\u1ec7t Nam \u0111\u00e3 nh\u1eadn \u0111\u01b0\u1ee3c t\u00e0i tr\u1ee3 4 n\u0103m c\u1ee7a HEI ICI t\u1eeb B\u1ed9 Ngo\u1ea1i giao &hellip; <\/p>\n","protected":false},"author":1,"featured_media":0,"parent":0,"menu_order":0,"comment_status":"closed","ping_status":"closed","template":"","meta":{"footnotes":""},"class_list":["post-16121","page","type-page","status-publish","hentry"],"_links":{"self":[{"href":"https:\/\/iser.hueuni.edu.vn\/index.php?rest_route=\/wp\/v2\/pages\/16121","targetHints":{"allow":["GET"]}}],"collection":[{"href":"https:\/\/iser.hueuni.edu.vn\/index.php?rest_route=\/wp\/v2\/pages"}],"about":[{"href":"https:\/\/iser.hueuni.edu.vn\/index.php?rest_route=\/wp\/v2\/types\/page"}],"author":[{"embeddable":true,"href":"https:\/\/iser.hueuni.edu.vn\/index.php?rest_route=\/wp\/v2\/users\/1"}],"replies":[{"embeddable":true,"href":"https:\/\/iser.hueuni.edu.vn\/index.php?rest_route=%2Fwp%2Fv2%2Fcomments&post=16121"}],"version-history":[{"count":4,"href":"https:\/\/iser.hueuni.edu.vn\/index.php?rest_route=\/wp\/v2\/pages\/16121\/revisions"}],"predecessor-version":[{"id":16125,"href":"https:\/\/iser.hueuni.edu.vn\/index.php?rest_route=\/wp\/v2\/pages\/16121\/revisions\/16125"}],"wp:attachment":[{"href":"https:\/\/iser.hueuni.edu.vn\/index.php?rest_route=%2Fwp%2Fv2%2Fmedia&parent=16121"}],"curies":[{"name":"wp","href":"https:\/\/api.w.org\/{rel}","templated":true}]}}